14 = -2*r + 25, r - x - 12 = 0. Is y(r) prime?
False
Suppose -5*j = -2*t - 4492 - 15893, 3*t = 0. Let s = 7448 - j. Is s a composite number?
False
Suppose -1571740 = -2*k - 3*s, -3929377 = -5*k + 9*s - 12*s. Is k a composite number?
False
Suppose t = z + 6*t + 12, 0 = -3*t - 12. Suppose -3*c + 4*w + 14 = -14, -2*w = -c + z. Suppose 474 = 18*k - c*k. Is k composite?
False
Let j be (-2265)/(-150) - ((-2)/(-20) - 0). Is (3/(-3))/(j/(-106545)) prime?
True
Suppose o = -3*h + 16325, -8*o - 4*h = -5*o - 48985. Is o a prime number?
False
Suppose -z - 16 + 7 = 2*o, 0 = -5*z - 5. Let r be (214 - -12)/(o/34). Let u = r - -2708. Is u a prime number?
True
Suppose -5*n - 14 = 3*j, -j - 3*j = -2*n - 16. Suppose j*f + 8 = 0, -2*l + l = 5*f + 18. Suppose 8 = -2*b, 2*t + l*b = -3*t + 1977. Is t composite?
False
Let u(p) = -p**3 + 19*p**2 - 49*p + 24. Let l be u(16). Let a(d) = 13*d**3 - 11*d**2 + 18*d - 67. Is a(l) prime?
True
Let i(t) be the third derivative of 19*t**5/30 + t**4/3 + 31*t**3/6 + 201*t**2. Is i(7) composite?
False
Suppose -558713 = 40*i - 17*i - 1772722. Is i composite?
False
Suppose g + 7 = 7. Suppose -5*w + 8*w - 12 = g. Suppose -2*s - 291 = w*d - 909, -1248 = -4*s - 5*d. Is s a prime number?
True
Let g be (20/2)/(-5) - (-8 + 3). Suppose 0 = -g*a + 26286 + 89631. Is a prime?
True
Let t(q) = 4567*q - 651. Is t(16) a prime number?
True
Suppose 5*y + 4*f - 57 = 0, 3*y - 2*f - 18 = f. Let k(p) = -2*p + 37. Is k(y) a prime number?
True
Is 198381 + 0 - (41 - 43)*5 a prime number?
True
Let r = -442 + 448. Suppose r*a = w + 2*a - 1639, 5*w = 2*a + 8267. Is w a composite number?
True
Let t(h) = 11*h - 360. Let f be t(33). Suppose 4*o - 117115 = -f*n - 2*n, 0 = 4*n + o - 93681. Is n a composite number?
True
Let w(t) = 33*t + 185. Let x be w(14). Let y = x - -2810. Is y a composite number?
False
Let g(w) = 19*w + 89. Suppose -24 = 4*s - 72. Is g(s) a prime number?
True
Suppose -20*g + 584241 = 43061. Is g composite?
False
Let s be 10/2 - (-1 + 1 - 1). Let r be (-2 - -75) + s/(-2). Let y = -17 + r. Is y a composite number?
False
Suppose -51*h = -105*h + 51*h + 53601. Is h prime?
False
Let j be (-107 - -107)/(6/2). Suppose j = t + 2*c - 1141, 3*c - 5735 = -5*t - c. Is t prime?
True
Suppose 2*g - 74 = 4*g. Let d = 42 + g. Suppose 2*s + s + 2*a - 1597 = 0, -d*s + a = -2679. Is s composite?
True
Let d(i) = 5714*i**2 - 143*i - 698. Is d(-5) prime?
True
Suppose -161042279 = -85*g - 67*g + 254634705. Is g a composite number?
False
Suppose 4*t - 13 + 1 = 0. Let o be t + (2 - -31)*-22. Let z = 1070 + o. Is z a prime number?
True
Suppose -t + 9133 = 3*u, -3*t = -7*t - 2*u + 36562. Suppose 2*j + 996 - t = 0. Is j composite?
False
Let h = -87 + 188. Suppose 4*x + q - 1254 + h = 0, x + 3*q - 280 = 0. Is x a composite number?
True
Suppose -519711 = 5*u + 4*u - 3759540. Is u composite?
False
Let y be 6690/75 + 8/10. Suppose 6*b - 3*h = b + y, -35 = -3*b - 2*h. Suppose c = 102 - b. Is c a prime number?
False
Let q = -75558 - -203689. Is q a prime number?
False
Let t(y) = 12*y**2 + y - 26. Let v = -64 + 92. Suppose -2*h = -v + 4. Is t(h) prime?
False
Let k = -1244 - -90022. Is k a composite number?
True
Suppose -2*s - 8088195 = -3*b, 111*s + 27 = 114*s. Is b prime?
False
Suppose -q - l + 1228023 = 0, -148197 = -3*q + 2*l + 3535912. Is q composite?
True
Let d(y) = -y**3 - 14*y**2 - 18. Let v be d(-13). Let b = -60 - v. Is b composite?
False
Let b = -10 - -9. Let m = b - 9. Let l(c) = -c**3 - 4*c**2 - 2*c + 11. Is l(m) a prime number?
True
Let x(r) = r**2 - 33. Let q be x(6). Suppose -3*k = -4*m + 4, -q*k - 3*m = -0 + 18. Is 647 + (2 - -2) + 0 + k a prime number?
True
Let n = 1604559 - 981592. Is n a composite number?
False
Let g be (-21)/42*-775*14. Suppose -5*f - 5*r + 18470 = 0, -5*f + 18452 = 2*r - 6*r. Let n = g - f. Is n a composite number?
False
Let l(y) = -16*y + 2*y**2 - 16*y - 3 + 30*y. Let q = 39 - 34. Is l(q) composite?
False
Suppose 108*g + 2879235 = 105217767. Is g a composite number?
False
Let z(l) be the third derivative of l**6/40 - l**3/6 - 26*l**2. Let u be z(1). Is (-1)/u*(2 - 0) - -3698 a composite number?
False
Suppose -w + p = -10734 - 11529, -3*w = 3*p - 66765. Is w a composite number?
False
Let j(p) = 1793*p**3 + 28*p**2 - 8*p - 8. Is j(7) a composite number?
False
Suppose -4*j - 22033 = 23675. Let i = -6118 - j. Is i composite?
False
Let m(g) = -3*g**3 - 19*g**2 + 3*g - 8. Let r be m(-6). Let d = r - -65. Suppose d*h + 15235 = 14*h. Is h a composite number?
True
Suppose 5*r = -4*s + 101711, -4*r - 76308 = -3*s - 5*r. Is s a composite number?
False
Suppose -w + n = -255696, 4*w - 2*n - 1493884 = -471110. Is w a prime number?
False
Let y(h) = h**2 - 8*h + 7177. Let i(n) = n**2 - 18*n - 88. Let v be i(22). Is y(v) prime?
True
Let z(u) = -10650*u - 307. Is z(-2) composite?
True
Suppose 4*k - 2214 = p, 3*k = -3*p + 480 - 7092. Let a = p + 5999. Is a a prime number?
True
Suppose -12*l + 8*l = -4*q + 43740, -3*l - 54673 = -5*q. Suppose 0*d - q = -r + 5*d, 0 = 3*r - 2*d - 32841. Is r composite?
False
Suppose 4*o - 2*d = 737000, -1091*o - 2*d = -1096*o + 921251. Is o composite?
True
Let d be 6/2*17/(510/(-20)). Is ((-1139)/4)/(d/8) a prime number?
False
Let o(y) be the second derivative of 1/20*y**5 - 1/2*y**3 - 13/2*y**2 - 23*y + 19/12*y**4 + 0. Is o(-14) prime?
True
Let g = -5488 - -9923. Let p = -3142 + g. Is p a composite number?
True
Let x(l) = 15*l**3 - 16*l**2 + 12*l + 34. Let s be x(10). Let d = s + -8671. Is d prime?
False
Let v = -16 - -41. Suppose -d - p + 7 = -0*d, 3*p = -4*d + v. Suppose d*k - 2*k = 4402. Is k composite?
True
Let r = -123 + 415. Suppose -188 = 2*x + 202. Let s = r + x. Is s a prime number?
True
Suppose 3*g + 4663 = -4*p + 2*g, -5831 = 5*p - g. Let v = 622 - 441. Let l = v - p. Is l prime?
False
Suppose 1351 = 5*y + r - 612, -1164 = -3*y + 4*r. Suppose t - 18*t = -2431. Let x = y - t. Is x composite?
True
Let d be (-7)/(-2)*(5/(-1) - -17). Let s = d - 37. Suppose s*l - 786 = 299. Is l a composite number?
True
Suppose -3*q = 4*v - 1404857, 87*v - 2*q - 351195 = 86*v. Is v a composite number?
True
Let r(c) = -10*c - 7 - 4*c**2 + 22*c**2 + 2*c**2. Let v be 12/(-36)*((21 - 2) + 2). Is r(v) a composite number?
True
Suppose 48*j - 203161 = -87*j + 6494. Is j a prime number?
True
Let x(h) = -34625*h - 6639. Is x(-4) a composite number?
False
Let x = 716 - 717. Is x - ((-6)/45 - 99106/105) prime?
False
Let f(g) = 14*g + 16*g - 39 - 14*g + 18*g. Is f(9) composite?
True
Suppose 3*w = 33762 + 110412. Is (w/5)/(54/135) a prime number?
True
Let v be ((-9)/5)/((-15)/18725). Let u = -1580 + v. Is u prime?
False
Is 42477286/236 + 1/2 composite?
False
Let n(f) = 506*f**2 + 88*f - 311. Is n(4) a prime number?
False
Suppose 8*c + 44 = -12. Let b(f) = -2 + 11*f**2 + 7*f**2 + 0*f**2 + 19. Is b(c) a prime number?
False
Let m(g) = g - 7. Let o(x) = x. Let s(k) = 2*m(k) + 4*o(k). Let w be -2 - (0 + -7 + -1). Is s(w) a composite number?
True
Let c = 13144 - -41717. Is c composite?
True
Let y = 102 + -87. Is -673*(5 - 7 - y) composite?
True
Let x = 207 - 209. Is 16/x + 6 - -6565 a prime number?
True
Let c(m) be the second derivative of -163/6*m**3 + 0 - 11/2*m**2 + 43*m. Is c(-4) a composite number?
False
Let p(m) = 7*m + 4*m**2 - 7 + 0*m**2 + 7*m**3 + 9*m - m**2. Is p(6) a prime number?
True
Let a = -519829 + 767352. Is a a composite number?
True
Suppose 0 = 3*r + 5*j - 333629, -15 = 27*j - 24*j. Is r a composite number?
True
Suppose -3*t + 2*m = -m - 54, 96 = 4*t + 2*m. Suppose t*v - 19*v = 0. Suppose -2*u = -v*u - 3478. Is u a prime number?
False
Let z be (2 - -1)/(51/187). Suppose 0 = z*f - 7511 - 9407. Is f a composite number?
True
Suppose -d + 58 = 2*k, d - 3*k = -8*k + 67. Let r = -48 + d. Let x(a) = 206*a + 29. Is x(r) a composite number?
False
Suppose -13*o - 631 - 1098 = 0. Is (-2)/(-14) + (-2067466)/o a prime number?
False
Let k(o) = 12754*o - 401. Is k(9) composite?
True
Let v be 602/172*(-5*1 - -1). Let l(c) = -c**3 - 13*c**2 - 6*c - 29. Is l(v) a composite number?
False
Suppose 6*c - 15139 = -l + 9*c, -5*l - c = -75727. Suppose l = -16*a + 21*a. Is a composite?
True
Suppose 527705 = -0*f + f - 0*f. Is f prime?
False
Let v be (9 - 6)/(1/1). Suppose 0 = 2*b + 4, 0*b = -4*f - v*b + 10. Suppose 0 = -5*q + 9*q - x - 1020, -f*q - 2*x = -1008